ands digit of 1193336?
3
What is the hundred thousands digit of 170492?
1
What is the thousands digit of 1585?
1
What is the units digit of 3945833?
3
What is the ten thousands digit of 7600350?
0
What is the ten millions digit of 12589031?
1
What is the hundred thousands digit of 760763?
7
What is the hundreds digit of 2128429?
4
What is the thousands digit of 23386?
3
What is the hundreds digit of 164368?
3
What is the tens digit of 894003?
0
What is the ten thousands digit of 1227780?
2
What is the ten thousands digit of 696086?
9
What is the ten thousands digit of 1713733?
1
What is the thousands digit of 31725745?
5
What is the units digit of 74126?
6
What is the thousands digit of 21888937?
8
What is the ten millions digit of 19604509?
1
What is the millions digit of 17994723?
7
What is the hundreds digit of 2783393?
3
What is the units digit of 9230331?
1
What is the hundred thousands digit of 780125?
7
What is the ten millions digit of 14940683?
1
What is the thousands digit of 229637?
9
What is the thousands digit of 1445436?
5
What is the units digit of 77356?
6
What is the ten millions digit of 13516854?
1
What is the ten thousands digit of 597911?
9
What is the thousands digit of 799941?
9
What is the units digit of 328856?
6
What is the hundreds digit of 915475?
4
What is the millions digit of 5540330?
5
What is the hundreds digit of 1237460?
4
What is the millions digit of 31625957?
1
What is the millions digit of 2331364?
2
What is the hundred thousands digit of 28026064?
0
What is the hundreds digit of 638847?
8
What is the thousands digit of 478911?
8
What is the tens digit of 212191?
9
What is the units digit of 7075324?
4
What is the tens digit of 5068549?
4
What is the hundreds digit of 4635812?
8
What is the units digit of 24289?
9
What is the hundred thousands digit of 6784446?
7
What is the ten thousands digit of 251448?
5
What is the millions digit of 7518008?
7
What is the hundred thousands digit of 16215645?
2
What is the hundred thousands digit of 6426360?
4
What is the hundred thousands digit of 19086480?
0
What is the thousands digit of 372577?
2
What is the hundreds digit of 277406?
4
What is the hundred thousands digit of 198841?
1
What is the tens digit of 14310173?
7
What is the hundreds digit of 333508?
5
What is the thousands digit of 9886677?
6
What is the ten thousands digit of 11744256?
4
What is the millions digit of 4268552?
4
What is the units digit of 314198?
8
What is the hundreds digit of 219098?
0
What is the hundred thousands digit of 148015?
1
What is the units digit of 2714014?
4
What is the hundred thousands digit of 5485944?
4
What is the ten thousands digit of 31839511?
3
What is the millions digit of 1341353?
1
What is the ten thousands digit of 220145?
2
What is the thousands digit of 2451352?
1
What is the thousands digit of 1387073?
7
What is the hundred thousands digit of 13219706?
2
What is the units digit of 286951?
1
What is the tens digit of 3560563?
6
What is the ten thousands digit of 187678?
8
What is the hundred thousands digit of 2893950?
8
What is the hundreds digit of 42174?
1
What is the hundred thousands digit of 219343?
2
What is the ten thousands digit of 2865762?
6
What is the ten thousands digit of 130840?
3
What is the thousands digit of 2528960?
8
What is the thousands digit of 236461?
6
What is the ten thousands digit of 404067?
0
What is the hundreds digit of 522786?
7
What is the millions digit of 3619802?
3
What is the thousands digit of 466202?
6
What is the units digit of 2826323?
3
What is the hundreds digit of 384533?
5
What is the thousands digit of 784960?
4
What is the hundreds digit of 2294412?
4
What is the tens digit of 486288?
8
What is the thousands digit of 1781607?
1
What is the millions digit of 3104391?
3
What is the hundreds digit of 642649?
6
What is the tens digit of 7123764?
6
What is the thousands digit of 327251?
7
What is the thousands digit of 27106?
7
What is the tens digit of 154799?
9
What is the thousands digit of 129070?
9
What is the tens digit of 620077?
7
What is the tens digit of 18717752?
5
What is the units digit of 144495?
5
What is the tens digit of 1758134?
3
What is the ten millions digit of 13109371?
1
What is the tens digit of 9261578?
7
What is the tens digit of 1325549?
4
What is the millions digit of 13230661?
3
What is the millions digit of 1778511?
1
What is the hundreds digit of 5067510?
5
What is the hundred thousands digit of 265481?
2
What is the hundreds digit of 1708756?
7
What is the units digit of 13189542?
2
What is the hundred thousands digit of 381363?
3
What is the hundreds digit of 2291574?
5
What is the hundred thousands digit of 733775?
7
What is the millions digit of 5409214?
5
What is the hundred thousands digit of 528612?
5
What is the ten millions digit of 10551046?
1
What is the hundreds digit of 64259?
2
What is the units digit of 1075524?
4
What is the tens digit of 506082?
8
What is the hundreds digit of 75679?
6
What is the ten thousands digit of 23328?
2
What is the tens digit of 69494?
9
What is the tens digit of 423505?
0
What is the hundred thousands digit of 2604499?
6
What is the thousands digit of 5402849?
2
What is the hundreds digit of 355102?
1
What is the thousands digit of 167363?
7
What is the tens digit of 24729485?
8
What is the tens digit of 181680?
8
What is the hundred thousands digit of 126807?
1
What is the millions digit of 1071181?
1
What is the tens digit of 2413166?
6
What is the thousands digit of 4473501?
3
What is the units digit of 226244?
4
What is the millions digit of 13815977?
3
What is the ten thousands digit of 346018?
4
What is the hundreds digit of 146021?
0
What is the thousands digit of 730973?
0
What is the thousands digit of 184464?
4
What is the tens digit of 5037240?
4
What is the tens digit of 8481?
8
What is the tens digit of 13549579?
7
What is the ten millions digit of 20871206?
2
What is the hundreds digit of 101239?
2
What is the millions digit of 2435118?
2
What is the thousands digit of 185760?
5
What is the ten millions digit of 38545427?
3
What is the thousands digit of 5064863?
4
What is the ten thousands digit of 28935?
2
What is the hundreds digit of 3215848?
8
What is the hundred thousands digit of 415688?
4
What is the hundred thousands digit of 696774?
6
What is the millions digit of 16640369?
6
What is the tens digit of 234556?
5
What is the units digit of 6645480?
0
What is the hundred thousands digit of 658389?
6
What is the hundred thousands digit of 450424?
4
What is the tens digit of 1487313?
1
What is the thousands digit of 486646?
6
What is the hundred thousands digit of 259309?
2
What is the millions digit of 2654251?
2
What is the units digit of 31884379?
9
What is the ten thousands digit of 5192729?
9
What is the ten thousands digit of 281239?
8
What is the thousands digit of 9142739?
2
What is the hundreds digit of 22632983?
9
What is the thousands digit of 900237?
0
What is the hundred thousands digit of 1186146?
1
What is the millions digit of 24860507?
4
What is the thousands digit of 19753463?
3
What is the thousands digit of 1827609?
7
What is the hundred thousands digit of 13987722?
9
What is the tens digit of 277535?
3
What is the units digit of 13527?
7
What is the ten thousands digit of 6368508?
6
What is the ten thousands digit of 669009?
6
What is the hundred thousands digit of 9766686?
7
What is the hundreds digit of 410807?
8
What is the thousands digit of 592552?
2
What is the millions digit of 1448780?
1
What is the millions digit of 5135240?
5
What is the thousands digit of 12255514?
5
What is the ten thousands digit of 148203?
4
What is the tens digit of 77803?
0
What is the thousands digit of 2974003?
4
What is the hundred thousands digit of 7787902?
7
What is the units digit of 16657417?
7
What is the thousands digit of 23672779?
2
What is the tens digit of 4494266?
6
What is the hundred thousands digit of 653850?
6
What is the hundreds digit of 139664?
6
What is the tens digit of 9278576?
7
What is the thousands digit of 758935?
8
What is the units digit of 53528?
8
What is the hundreds digit of 34315890?
8
What is the hundreds digit of 2812209?
2
What is the units digit of 18571334?
4
What is the hundre